s of 3762?
2, 3, 11, 19
What are the prime factors of 51502?
2, 11, 2341
What are the prime factors of 5231?
5231
List the prime factors of 7159.
7159
What are the prime factors of 198?
2, 3, 11
What are the prime factors of 621?
3, 23
List the prime factors of 17640.
2, 3, 5, 7
What are the prime factors of 32997?
3, 17, 647
What are the prime factors of 93276?
2, 3, 2591
List the prime factors of 7055.
5, 17, 83
List the prime factors of 2609.
2609
List the prime factors of 13332.
2, 3, 11, 101
What are the prime factors of 22?
2, 11
What are the prime factors of 26234?
2, 13, 1009
What are the prime factors of 3505?
5, 701
What are the prime factors of 3136?
2, 7
What are the prime factors of 10767?
3, 37, 97
List the prime factors of 22022.
2, 7, 11, 13
What are the prime factors of 1785?
3, 5, 7, 17
What are the prime factors of 79422?
2, 3, 7, 31, 61
List the prime factors of 3891.
3, 1297
What are the prime factors of 6158?
2, 3079
What are the prime factors of 104856?
2, 3, 17, 257
What are the prime factors of 19448?
2, 11, 13, 17
List the prime factors of 385.
5, 7, 11
What are the prime factors of 2075?
5, 83
What are the prime factors of 26836?
2, 6709
What are the prime factors of 3925?
5, 157
What are the prime factors of 219?
3, 73
List the prime factors of 90038.
2, 13, 3463
List the prime factors of 821.
821
What are the prime factors of 12498?
2, 3, 2083
What are the prime factors of 17?
17
List the prime factors of 1147.
31, 37
List the prime factors of 24880.
2, 5, 311
What are the prime factors of 7609?
7, 1087
What are the prime factors of 332?
2, 83
What are the prime factors of 6568?
2, 821
What are the prime factors of 597?
3, 199
List the prime factors of 82589.
13, 6353
What are the prime factors of 6722?
2, 3361
What are the prime factors of 11118?
2, 3, 17, 109
What are the prime factors of 103863?
3, 89, 389
What are the prime factors of 73740?
2, 3, 5, 1229
List the prime factors of 570.
2, 3, 5, 19
What are the prime factors of 12612?
2, 3, 1051
What are the prime factors of 732?
2, 3, 61
List the prime factors of 654.
2, 3, 109
What are the prime factors of 15718?
2, 29, 271
What are the prime factors of 2710?
2, 5, 271
What are the prime factors of 11145?
3, 5, 743
What are the prime factors of 2640?
2, 3, 5, 11
What are the prime factors of 1294?
2, 647
What are the prime factors of 1625?
5, 13
What are the prime factors of 27535?
5, 5507
What are the prime factors of 5292?
2, 3, 7
What are the prime factors of 38218?
2, 97, 197
List the prime factors of 3392.
2, 53
What are the prime factors of 55333?
55333
List the prime factors of 3621.
3, 17, 71
What are the prime factors of 2611?
7, 373
What are the prime factors of 71531?
233, 307
List the prime factors of 3265.
5, 653
What are the prime factors of 3048?
2, 3, 127
List the prime factors of 1400.
2, 5, 7
List the prime factors of 1300.
2, 5, 13
What are the prime factors of 2619?
3, 97
What are the prime factors of 202?
2, 101
What are the prime factors of 2408?
2, 7, 43
What are the prime factors of 11553?
3, 3851
What are the prime factors of 4390?
2, 5, 439
What are the prime factors of 165495?
3, 5, 11, 17, 59
List the prime factors of 14999.
53, 283
List the prime factors of 1767.
3, 19, 31
List the prime factors of 3396.
2, 3, 283
What are the prime factors of 493?
17, 29
What are the prime factors of 1107?
3, 41
What are the prime factors of 40542?
2, 3, 29, 233
What are the prime factors of 1312?
2, 41
What are the prime factors of 2436?
2, 3, 7, 29
List the prime factors of 97.
97
What are the prime factors of 104740?
2, 5, 5237
List the prime factors of 2861.
2861
List the prime factors of 1390.
2, 5, 139
List the prime factors of 9361.
11, 23, 37
List the prime factors of 6673.
6673
List the prime factors of 4537.
13, 349
What are the prime factors of 3387?
3, 1129
List the prime factors of 752.
2, 47
List the prime factors of 778.
2, 389
What are the prime factors of 3841?
23, 167
What are the prime factors of 10283?
7, 13, 113
What are the prime factors of 1053?
3, 13
List the prime factors of 1151.
1151
List the prime factors of 57036.
2, 3, 7, 97
List the prime factors of 943.
23, 41
What are the prime factors of 92716?
2, 13, 1783
What are the prime factors of 34605?
3, 5, 769
List the prime factors of 6299.
6299
List the prime factors of 3224.
2, 13, 31
List the prime factors of 70689.
3, 23563
What are the prime factors of 14500?
2, 5, 29
What are the prime factors of 16026?
2, 3, 2671
What are the prime factors of 1374?
2, 3, 229
What are the prime factors of 15381?
3, 1709
What are the prime factors of 292?
2, 73
List the prime factors of 4497.
3, 1499
List the prime factors of 111440.
2, 5, 7, 199
List the prime factors of 8975.
5, 359
List the prime factors of 5791.
5791
List the prime factors of 164265.
3, 5, 47, 233
List the prime factors of 3095.
5, 619
List the prime factors of 107106.
2, 3, 17851
List the prime factors of 8465.
5, 1693
List the prime factors of 618.
2, 3, 103
What are the prime factors of 1533?
3, 7, 73
List the prime factors of 12246.
2, 3, 13, 157
List the prime factors of 103256.
2, 12907
List the prime factors of 7501.
13, 577
What are the prime factors of 9931?
9931
What are the prime factors of 30217?
11, 41, 67
List the prime factors of 464.
2, 29
List the prime factors of 815.
5, 163
List the prime factors of 13156.
2, 11, 13, 23
List the prime factors of 3231.
3, 359
What are the prime factors of 2321?
11, 211
What are the prime factors of 125?
5
List the prime factors of 3152.
2, 197
List the prime factors of 3328.
2, 13
What are the prime factors of 92305?
5, 18461
List the prime factors of 2504.
2, 313
List the prime factors of 256.
2
List the prime factors of 1246.
2, 7, 89
What are the prime factors of 7714?
2, 7, 19, 29
List the prime factors of 2127.
3, 709
What are the prime factors of 97079?
193, 503
List the prime factors of 80107.
80107
List the prime factors of 982.
2, 491
What are the prime factors of 147397?
147397
List the prime factors of 3710.
2, 5, 7, 53
List the prime factors of 86082.
2, 3, 14347
What are the prime factors of 16048?
2, 17, 59
List the prime factors of 1771.
7, 11, 23
List the prime factors of 3623.
3623
List the prime factors of 3140.
2, 5, 157
What are the prime factors of 12886?
2, 17, 379
List the prime factors of 5981.
5981
What are the prime factors of 220?
2, 5, 11
List the prime factors of 53597.
53597
List the prime factors of 10198.
2, 5099
What are the prime factors of 1276?
2, 11, 29
What are the prime factors of 1123?
1123
List the prime factors of 727.
727
What are the prime factors of 100?
2, 5
What are the prime factors of 2811?
3, 937
List the prime factors of 29616.
2, 3, 617
What are the prime factors of 4181?
37, 113
What are the prime factors of 4848?
2, 3, 101
List the prime factors of 1176.
2, 3, 7
List the prime factors of 130456.
2, 23, 709
What are the prime factors of 47412?
2, 3, 439
What are the prime factors of 3580?
2, 5, 179
What are the prime factors of 927?
3, 103
List the prime factors of 50690.
2, 5, 37, 137
List the prime factors of 1703.
13, 131
List the prime factors of 1384.
2, 173
List the prime factors of 575.
5, 23
List the prime factors of 2254.
2, 7, 23
List the prime factors of 259.
7, 37
What are the prime factors of 16360?
2, 5, 409
What are the prime factors of 94482?
2, 3, 29, 181
What are the prime factors of 10904?
2, 29, 47
What are the prime factors of 1859?
11, 13
List the prime factors of 2430.
2, 3, 5
List the prime factors of 23467.
31, 757
List the prime factors of 3808.
2, 7, 17
What are the prime factors of 6194?
2, 19, 163
What are the prime factors of 35226?
2, 3, 19, 103
What are the prime factors of 33723?
3, 1249
What are the prime factors of 30762?
2, 3, 1709
What are the prime factors of 101753?
97, 1049
List the prime factors of 1729.
7, 13, 19
List the prime factors of 410.
2, 5, 41
List the prime factors of 3248.
2, 7, 29
List the prime factors of 10156.
2, 2539
List the prime factors of 81759.
3, 27253
What are the prime factors of 2728?
2, 11, 31
What are the prime factors of 3025?
5, 11
List the prime factors of 148387.
148387
What are the prime factors of 2793?
3, 7, 19
List the prime fac